t is -234 + -6?
-23a
In base 13, what is -3 + -137?
-13a
In base 9, what is 0 - -164?
164
In base 5, what is 3 - -33310?
33313
In base 4, what is -12120 + 3?
-12111
In base 4, what is -3 - 12232?
-12301
In base 3, what is 1111200 + 20?
1111220
In base 4, what is -3 - 103012?
-103021
In base 8, what is -1072 + 15?
-1055
In base 13, what is 1 - -11?
12
In base 6, what is 10 - 242?
-232
In base 2, what is 0 - -10001010101?
10001010101
In base 7, what is 1 - -160?
161
In base 14, what is -25 + -108?
-12d
In base 7, what is 134 - -306?
443
In base 16, what is -418 + 1?
-417
In base 14, what is -7 - c2?
-c9
In base 16, what is 2 + b5?
b7
In base 8, what is -22 + 33?
11
In base 16, what is 1 + -3?
-2
In base 15, what is 275 + -1?
274
In base 6, what is 22 + -515?
-453
In base 3, what is 0 - -111002?
111002
In base 10, what is 1640 - -1?
1641
In base 6, what is 1454 - 2?
1452
In base 12, what is -2a2 - 16?
-2b8
In base 4, what is -1311 + -11?
-1322
In base 5, what is 2 + -132?
-130
In base 6, what is -2 + 1531?
1525
In base 8, what is 14100 + 1?
14101
In base 10, what is -1 - 30?
-31
In base 9, what is 520 - 5?
514
In base 12, what is -5 - b87?
-b90
In base 4, what is -1102302 + -20?
-1102322
In base 3, what is -121 + 122?
1
In base 12, what is 13 + 98?
ab
In base 9, what is 16337 - 5?
16332
In base 3, what is -12000122 + 10?
-12000112
In base 12, what is -126 - 2?
-128
In base 6, what is 0 + 1414?
1414
In base 9, what is 68 - -1?
70
In base 12, what is 5 + -2b?
-26
In base 14, what is -11 - -29?
18
In base 15, what is -2 - a50?
-a52
In base 2, what is 111 + 1011?
10010
In base 11, what is 31 + -16a?
-139
In base 12, what is 22 - 6?
18
In base 4, what is -101 - -3?
-32
In base 13, what is 27c - 0?
27c
In base 13, what is -73 + -5?
-78
In base 2, what is 100000 - 101011100?
-100111100
In base 7, what is 5 - -1652?
1660
In base 6, what is -202 - 2?
-204
In base 16, what is -63 + 5?
-5e
In base 7, what is 10 + -602?
-562
In base 12, what is 103 - 0?
103
In base 16, what is -ad + 9?
-a4
In base 3, what is 211 + -11?
200
In base 15, what is -5 + -52?
-57
In base 3, what is -2110 + 2?
-2101
In base 3, what is -102 + -212?
-1021
In base 6, what is 11 - 3421?
-3410
In base 16, what is d + 24?
31
In base 12, what is 28 - -3?
2b
In base 11, what is 20 + 371?
391
In base 2, what is 10010101100 + 11?
10010101111
In base 10, what is 1 - 1?
0
In base 9, what is 2625 - 4?
2621
In base 12, what is 10 - 5?
7
In base 5, what is 4 - -1132?
1141
In base 6, what is -250 - 1?
-251
In base 9, what is 4 - 20?
-15
In base 5, what is 0 - -243?
243
In base 6, what is 5 + -12242?
-12233
In base 14, what is 5 + 2?
7
In base 10, what is 38 - -61?
99
In base 14, what is -d - 73b?
-74a
In base 13, what is 45 - -65?
aa
In base 8, what is 2 + 15?
17
In base 15, what is 20 - -8?
28
In base 3, what is 2 + 2220?
2222
In base 10, what is 100 + -4?
96
In base 14, what is 4 - -125?
129
In base 3, what is -211 - -1022?
111
In base 4, what is -2 - -10031?
10023
In base 2, what is 10010 + -1010?
1000
In base 12, what is -7 + 121?
116
In base 12, what is -2a - 1?
-2b
In base 8, what is 7 - 73?
-64
In base 8, what is -24 - -366?
342
In base 14, what is -11 + 1b?
a
In base 9, what is -8 - 16?
-25
In base 15, what is 10 + 7?
17
In base 2, what is 100 - -10100011?
10100111
In base 12, what is 9b + -35?
66
In base 12, what is 1a88 + 3?
1a8b
In base 3, what is 120 - 1011?
-121
In base 2, what is 1110 + -111?
111
In base 5, what is 2124 + 101?
2230
In base 9, what is 3 - 428?
-425
In base 13, what is 28 + 3?
2b
In base 6, what is 145 + -40?
105
In base 7, what is -520 + 0?
-520
In base 11, what is -1a2 + -1?
-1a3
In base 4, what is 211 - 330?
-113
In base 9, what is 148 - 111?
37
In base 12, what is -2 - -375b?
3759
In base 4, what is -11221 + 10?
-11211
In base 15, what is 12e4 - 1?
12e3
In base 11, what is 0 - -400?
400
In base 11, what is -2 + 1603?
1601
In base 11, what is -5 + -3?
-8
In base 16, what is 2 + -74?
-72
In base 12, what is 1 - 31?
-30
In base 4, what is 11 - -10?
21
In base 15, what is -3 + 35d?
35a
In base 9, what is -3 + -156?
-160
In base 16, what is 0 - 11e?
-11e
In base 10, what is -3 + -127?
-130
In base 8, what is 33 + 4?
37
In base 8, what is -101 - 15?
-116
In base 4, what is -2 + 1001?
333
In base 6, what is -1 + 223?
222
In base 2, what is 101100 - -100010?
1001110
In base 5, what is 201 - -12?
213
In base 7, what is -2 + 2011?
2006
In base 13, what is -5c + -2?
-61
In base 3, what is 11 - 1120112?
-1120101
In base 16, what is 3 - 3c5?
-3c2
In base 15, what is 128b - 2?
1289
In base 4, what is -11 - -3221?
3210
In base 10, what is 0 + 1088?
1088
In base 15, what is -3 - -109?
106
In base 13, what is 5 + 2?
7
In base 10, what is 5351 - 5?
5346
In base 16, what is 12 - 7d?
-6b
In base 12, what is -104 + 1?
-103
In base 2, what is -10001010 + 101?
-10000101
In base 9, what is -3344 + 4?
-3340
In base 9, what is -14 + -10?
-24
In base 5, what is 10 + -110424?
-110414
In base 6, what is -1334 - 3?
-1341
In base 8, what is 11 - -2?
13
In base 5, what is -1 - 3223?
-3224
In base 14, what is -5 - 447?
-44c
In base 8, what is -1 + 13523?
13522
In base 3, what is -21102110 + 11?
-21102022
In base 9, what is -3 + 10687?
10684
In base 10, what is -14681 + 0?
-14681
In base 12, what is 3 + -24?
-21
In base 3, what is 11 - -101?
112
In base 4, what is 3 + -20103?
-20100
In base 6, what is 1043 - 5?
1034
In base 16, what is -7 - 26?
-2d
In base 11, what is 257 - -2?
259
In base 2, what is -100100 + -11011?
-111111
In base 15, what is -79 + -5?
-7e
In base 6, what is 101452 + -4?
101444
In base 10, what is -879 - 0?
-879
In base 16, what is -5b8 + -4?
-5bc
In base 3, what is 22221211 - -10?
22221221
In base 13, what is -8 + 11?
6
In base 3, what is 1 - -1011210?
1011211
In base 16, what is 50 + 8?
58
In base 2, what is 1101110110 + -100?
1101110010
In base 15, what is 26 - a5?
-7e
In base 5, what is 12300 + 0?
12300
In base 4, what is 3 + -1?
2
In base 7, what is 636 - -5?
644
In base 11, what is 5 - -589?
593
In base 14, what is -8 + 4?
-4
In base 14, what is -6c - -1?
-6b
In base 6, what is -2244 - 10?
-2254
In base 16, what is 4 + 5f?
63
In base 8, what is 0 + 105?
105
In base 6, what is 32 + 151?
223
In base 7, what is 10 - -42?
52
In base 8, what is 402 + 12?
414
In base 16, what is 4b - 86?
-3b
In base 8, what is 17 - -1251?
1270
In base 8, what is 3564 - 0?
3564
In base 2, what is -100101 - 10?
-100111
In base 14, what is -177 + -d?
-186
In base 12, what is 182 - 9?
175
In base 12, what is -4a2 - -4?
-49a
In base 7, what is 5 + 15661?
15666
In base 14, what is -37 - -24?
-13
In base 14, what is 9 + 147?
152
In base 8, what is -10 - -10?
0
In base 6, what is 352 - 3?
345
In base 8, what is -4 - -70?
64
In base 12, what is -5 + 65?
60
In base 12, what is 0 + 4052?
4052
In base 2, what is -11 + 100100001001?
100100000110
In base 10, what is 1045 - 4?
1041
In base 12, what is -3a25 - 4?
-3a29
In base 14, what is -4 - 2027?
-202b
In base 10, what is 12 + -37?
-25
In base 11, what is -1 - 23?
-24
In base 9, what is 4 + 4225?
4230
In base 11, what is 2190 - 4?
2187
In base 5, what is -3 - 4340?
-4343
In base 5, what is 10 + -323?
-313
In base 13, what is -66a + -c?
-679
In base 11, what is -6 - -2063?
2058
In base 12, what is 1 - -ba?
bb
In base 15, what is -2bc + -10?
-2cc
In base 2, what is 10101101 - 111?
10100110
In base 14, what is 3da + -5?
3d5
In base 12, what is -9 - 13a4?
-13b1
In base 4, what is 3 - -1020122?
1020131
In base 6, what is -202 + 2?
-200
In base 4, what is -332300 + -2?
-332302
In base 2, what is 100 - -110110000?
110110100
In base 15, what is 4 - 123?
-11e
In base 8, what is -4 + -172?
-176
In base 2, what is -110 - -100000000?
11111010
In base 12, what is -15 + 2b?
16
In base 13, what is 1482 - -3?
1485
In base 5, what is -124 + 20?
-104
In base 10, what is -5 - 138?
-143
In base 5, what is -2 + 231?
224
In base 10, what is 4400 - -4?
4404
In base 15, what is -567 + -2?
-569
In base 12, what is -5 - 206?
-20b
In base 2, what is 1110 + 111101110?
111111100
In base 9, what is -6 + -116?
-123
In base 13, what is 0 + 24b?
24b
In base 12, what is -38007 - 4?
-3800b
In base 12, what is 110 - 36?
96
In base 5, what is -10 + -1400?
-1410
In base 10, what is 70 + -4?
